{"id":648,"date":"2025-06-03T13:22:46","date_gmt":"2025-06-03T16:22:46","guid":{"rendered":"https:\/\/nomundodoturismo.com.br\/home\/?page_id=648"},"modified":"2025-06-03T13:23:48","modified_gmt":"2025-06-03T16:23:48","slug":"entretenimento","status":"publish","type":"page","link":"https:\/\/nomundodoturismo.com.br\/home\/entretenimento\/","title":{"rendered":"Entretenimento"},"content":{"rendered":"<div id=\"nomun-3380138703\" class=\"nomun-top nomun-entity-placement\" style=\"margin-left: auto;margin-right: auto;text-align: center;\"><a href=\"https:\/\/nomundodoturismo.com.br\/home\/\" aria-label=\"Imagem: Lan\u00e7amento do Festival\"><img loading=\"lazy\" decoding=\"async\" src=\"https:\/\/nomundodoturismo.com.br\/home\/wp-content\/uploads\/2025\/05\/banner3.png\" alt=\"\"  srcset=\"https:\/\/nomundodoturismo.com.br\/home\/wp-content\/uploads\/2025\/05\/banner3.png 780w, https:\/\/nomundodoturismo.com.br\/home\/wp-content\/uploads\/2025\/05\/banner3-300x35.png 300w, https:\/\/nomundodoturismo.com.br\/home\/wp-content\/uploads\/2025\/05\/banner3-768x89.png 768w\" sizes=\"(max-width: 780px) 100vw, 780px\" width=\"780\" height=\"90\"  style=\"display: inline-block;\" \/><\/a><\/div>\n\n<div class=\"su-posts su-posts-default-loop \">\n\n\t\n\t\t\t\t\t\n\t\t\t\n\t\t\t<div id=\"su-post-3406\" class=\"su-post \">\n\n\t\t\t\t\t\t\t\t\t<a class=\"su-post-thumbnail\" href=\"https:\/\/nomundodoturismo.com.br\/home\/2026\/04\/cultura\/cinema\/cajazeiras-sousa-e-catole-do-rocha-recebem-festival-focado-na-producao-audiovisual-negra\/\"><img loading=\"lazy\" decoding=\"async\" width=\"700\" height=\"500\" src=\"https:\/\/nomundodoturismo.com.br\/home\/wp-content\/uploads\/2026\/04\/Design-sem-nome-69.jpg\" class=\"attachment-post-thumbnail size-post-thumbnail wp-post-image\" alt=\"\" \/><\/a>\n\t\t\t\t\n\t\t\t\t<h2 class=\"su-post-title\"><a href=\"https:\/\/nomundodoturismo.com.br\/home\/2026\/04\/cultura\/cinema\/cajazeiras-sousa-e-catole-do-rocha-recebem-festival-focado-na-producao-audiovisual-negra\/\">Cajazeiras, Sousa e Catol\u00e9 do Rocha recebem festival focado na produ\u00e7\u00e3o audiovisual negra<\/a><\/h2>\n\n\t\t\t\t<div class=\"su-post-meta\">\n\t\t\t\t\tPosted: 23 de abril de 2026\t\t\t\t<\/div>\n\n\t\t\t\t<div class=\"su-post-excerpt\">\n\t\t\t\t\t<p>O cen\u00e1rio audiovisual da Para\u00edba ganha novos contornos com a realiza\u00e7\u00e3o do Roli\u00fade Black. O Festival Itinerante de Cinema Negro se consolida como um marco fundamental para a valoriza\u00e7\u00e3o da produ\u00e7\u00e3o afro-brasileira no estado, estabelecendo um espa\u00e7o estruturado e cont\u00ednuo para a difus\u00e3o de narrativas que muitas vezes ficam \u00e0 margem dos grandes circuitos. O\u00a0evento<\/p>\n\t\t\t\t<\/div>\n\n\t\t\t\t\n\t\t\t<\/div>\n\n\t\t\t\t\t\n\t\t\t\n\t\t\t<div id=\"su-post-3402\" class=\"su-post \">\n\n\t\t\t\t\t\t\t\t\t<a class=\"su-post-thumbnail\" href=\"https:\/\/nomundodoturismo.com.br\/home\/2026\/04\/cultura\/eventos\/campina-grande-recebe-neste-domingo-26-o-espetaculo-amazing-tenors-in-concert-sings-bocelli\/\"><img loading=\"lazy\" decoding=\"async\" width=\"700\" height=\"500\" src=\"https:\/\/nomundodoturismo.com.br\/home\/wp-content\/uploads\/2026\/04\/Untitled-design-19.jpeg\" class=\"attachment-post-thumbnail size-post-thumbnail wp-post-image\" alt=\"\" \/><\/a>\n\t\t\t\t\n\t\t\t\t<h2 class=\"su-post-title\"><a href=\"https:\/\/nomundodoturismo.com.br\/home\/2026\/04\/cultura\/eventos\/campina-grande-recebe-neste-domingo-26-o-espetaculo-amazing-tenors-in-concert-sings-bocelli\/\">Campina Grande recebe, neste domingo (26), o espet\u00e1culo \u201cAmazing Tenors in Concert Sings Bocelli\u201d<\/a><\/h2>\n\n\t\t\t\t<div class=\"su-post-meta\">\n\t\t\t\t\tPosted: 22 de abril de 2026\t\t\t\t<\/div>\n\n\t\t\t\t<div class=\"su-post-excerpt\">\n\t\t\t\t\t<p>O espet\u00e1culo \u201cAmazing Tenors in Concert Sings Bocelli\u201d chega ao Teatro Severino Cabral reunindo o talento de tr\u00eas jovens e renomados tenores, que d\u00e3o vida \u00e0s can\u00e7\u00f5es que marcaram a carreira de um dos maiores nomes da m\u00fasica mundial, Andrea Bocelli. O concerto acontece no domingo, dia 26 de abril, \u00e0s 19h. Os ingressos est\u00e3o<\/p>\n\t\t\t\t<\/div>\n\n\t\t\t\t\n\t\t\t<\/div>\n\n\t\t\t\t\t\n\t\t\t\n\t\t\t<div id=\"su-post-3387\" class=\"su-post \">\n\n\t\t\t\t\t\t\t\t\t<a class=\"su-post-thumbnail\" href=\"https:\/\/nomundodoturismo.com.br\/home\/2026\/04\/cultura\/eventos\/texas-fest-joao-pessoa-vai-virar-cenario-de-filme-de-faroeste\/\"><img loading=\"lazy\" decoding=\"async\" width=\"460\" height=\"259\" src=\"https:\/\/nomundodoturismo.com.br\/home\/wp-content\/uploads\/2026\/04\/IMG_7111.jpeg\" class=\"attachment-post-thumbnail size-post-thumbnail wp-post-image\" alt=\"\" \/><\/a>\n\t\t\t\t\n\t\t\t\t<h2 class=\"su-post-title\"><a href=\"https:\/\/nomundodoturismo.com.br\/home\/2026\/04\/cultura\/eventos\/texas-fest-joao-pessoa-vai-virar-cenario-de-filme-de-faroeste\/\">Texas Fest: Jo\u00e3o Pessoa vai virar cen\u00e1rio de filme de faroeste<\/a><\/h2>\n\n\t\t\t\t<div class=\"su-post-meta\">\n\t\t\t\t\tPosted: 21 de abril de 2026\t\t\t\t<\/div>\n\n\t\t\t\t<div class=\"su-post-excerpt\">\n\t\t\t\t\t<p>Jo\u00e3o Pessoa se prepara para viver uma transforma\u00e7\u00e3o completa no pr\u00f3ximo dia 30 de maio de 2026. A capital paraibana ser\u00e1 palco do Texas Fest, um dos maiores eventos country do Brasil, que chega com a proposta de ir al\u00e9m dos shows e entregar uma experi\u00eancia imersiva in\u00e9dita no estado. Com estrutura montada no Celebration<\/p>\n\t\t\t\t<\/div>\n\n\t\t\t\t\n\t\t\t<\/div>\n\n\t\t\t\t\t\n\t\t\t\n\t\t\t<div id=\"su-post-3384\" class=\"su-post \">\n\n\t\t\t\t\t\t\t\t\t<a class=\"su-post-thumbnail\" href=\"https:\/\/nomundodoturismo.com.br\/home\/2026\/04\/cultura\/entretenimento\/ultimos-dias-viagem-ao-espaco-encanta-visitantes-no-mangabeira-shopping\/\"><img loading=\"lazy\" decoding=\"async\" width=\"700\" height=\"500\" src=\"https:\/\/nomundodoturismo.com.br\/home\/wp-content\/uploads\/2026\/04\/Untitled-design-15.jpeg\" class=\"attachment-post-thumbnail size-post-thumbnail wp-post-image\" alt=\"\" \/><\/a>\n\t\t\t\t\n\t\t\t\t<h2 class=\"su-post-title\"><a href=\"https:\/\/nomundodoturismo.com.br\/home\/2026\/04\/cultura\/entretenimento\/ultimos-dias-viagem-ao-espaco-encanta-visitantes-no-mangabeira-shopping\/\">\u00daltimos dias: &#8220;Viagem ao Espa\u00e7o&#8221; encanta visitantes no Mangabeira Shopping<\/a><\/h2>\n\n\t\t\t\t<div class=\"su-post-meta\">\n\t\t\t\t\tPosted: 21 de abril de 2026\t\t\t\t<\/div>\n\n\t\t\t\t<div class=\"su-post-excerpt\">\n\t\t\t\t\t<p>O p\u00fablico da capital paraibana t\u00eam poucos dias para conferir &#8220;Viagem ao Espa\u00e7o&#8221;, a exposi\u00e7\u00e3o imersiva que j\u00e1 encantou milhares de pessoas em diversas capitais brasileiras e que est\u00e1 de passagem em Jo\u00e3o Pessoa, no Mangabeira Shopping. Para celebrar os \u00faltimos dias da exposi\u00e7\u00e3o, a organiza\u00e7\u00e3o lan\u00e7ou uma promo\u00e7\u00e3o especial de despedida: todos os visitantes<\/p>\n\t\t\t\t<\/div>\n\n\t\t\t\t\n\t\t\t<\/div>\n\n\t\t\t\t\t\n\t\t\t\n\t\t\t<div id=\"su-post-3381\" class=\"su-post \">\n\n\t\t\t\t\t\t\t\t\t<a class=\"su-post-thumbnail\" href=\"https:\/\/nomundodoturismo.com.br\/home\/2026\/04\/cultura\/eventos\/feira-armazem-realiza-edicao-de-dia-das-maes-na-fundacao-casa-de-jose-americo\/\"><img loading=\"lazy\" decoding=\"async\" width=\"700\" height=\"500\" src=\"https:\/\/nomundodoturismo.com.br\/home\/wp-content\/uploads\/2026\/04\/Untitled-design-14.jpeg\" class=\"attachment-post-thumbnail size-post-thumbnail wp-post-image\" alt=\"\" \/><\/a>\n\t\t\t\t\n\t\t\t\t<h2 class=\"su-post-title\"><a href=\"https:\/\/nomundodoturismo.com.br\/home\/2026\/04\/cultura\/eventos\/feira-armazem-realiza-edicao-de-dia-das-maes-na-fundacao-casa-de-jose-americo\/\">Feira Armaz\u00e9m realiza edi\u00e7\u00e3o de Dia das M\u00e3es na Funda\u00e7\u00e3o Casa de Jos\u00e9 Am\u00e9rico<\/a><\/h2>\n\n\t\t\t\t<div class=\"su-post-meta\">\n\t\t\t\t\tPosted: 17 de abril de 2026\t\t\t\t<\/div>\n\n\t\t\t\t<div class=\"su-post-excerpt\">\n\t\t\t\t\t<p>&nbsp; Nos dias 2 e 3 de maio, a Funda\u00e7\u00e3o Casa de Jos\u00e9 Am\u00e9rico recebe a 19\u00aa edi\u00e7\u00e3o da Feira Armaz\u00e9m, que chega com uma proposta especial voltada para o Dia das M\u00e3es. Com entrada gratuita, o evento acontece das 15h \u00e0s 20h e re\u00fane mais de 60 marcas autorais, oferecendo ao p\u00fablico uma excelente<\/p>\n\t\t\t\t<\/div>\n\n\t\t\t\t\n\t\t\t<\/div>\n\n\t\t\t\t\t\n\t\t\t\n\t\t\t<div id=\"su-post-3378\" class=\"su-post \">\n\n\t\t\t\t\t\t\t\t\t<a class=\"su-post-thumbnail\" href=\"https:\/\/nomundodoturismo.com.br\/home\/2026\/04\/cultura\/eventos\/de-volta-ao-ville-des-plantes-mercado-capim-fashion-anuncia-edicao-especial-de-dia-das-maes\/\"><img loading=\"lazy\" decoding=\"async\" width=\"700\" height=\"500\" src=\"https:\/\/nomundodoturismo.com.br\/home\/wp-content\/uploads\/2026\/04\/Design-sem-nome-1.jpeg\" class=\"attachment-post-thumbnail size-post-thumbnail wp-post-image\" alt=\"\" \/><\/a>\n\t\t\t\t\n\t\t\t\t<h2 class=\"su-post-title\"><a href=\"https:\/\/nomundodoturismo.com.br\/home\/2026\/04\/cultura\/eventos\/de-volta-ao-ville-des-plantes-mercado-capim-fashion-anuncia-edicao-especial-de-dia-das-maes\/\">De volta ao Ville des Plantes, Mercado Capim Fashion anuncia edi\u00e7\u00e3o especial de Dia das M\u00e3es<\/a><\/h2>\n\n\t\t\t\t<div class=\"su-post-meta\">\n\t\t\t\t\tPosted: 17 de abril de 2026\t\t\t\t<\/div>\n\n\t\t\t\t<div class=\"su-post-excerpt\">\n\t\t\t\t\t<p>&nbsp; O que transforma um presente em mem\u00f3ria? Com o Dia das M\u00e3es batendo \u00e0 porta, o Mercado Capim Fashion (MCF) aposta na resposta: afeto, autoria e experi\u00eancia. A nova edi\u00e7\u00e3o do evento j\u00e1 tem data marcada, de 8 a 10 de maio, e retorna ao Ville des Plantes, localizado no Bessa, ap\u00f3s edi\u00e7\u00e3o especial<\/p>\n\t\t\t\t<\/div>\n\n\t\t\t\t\n\t\t\t<\/div>\n\n\t\t\t\t\t\n\t\t\t\n\t\t\t<div id=\"su-post-3362\" class=\"su-post \">\n\n\t\t\t\t\t\t\t\t\t<a class=\"su-post-thumbnail\" href=\"https:\/\/nomundodoturismo.com.br\/home\/2026\/04\/cultura\/eventos\/festa-do-bode-rei-2026-tera-shows-de-mano-walter-lucy-alves-e-mastruz-com-leite-veja-a-programacao\/\"><img loading=\"lazy\" decoding=\"async\" width=\"700\" height=\"500\" src=\"https:\/\/nomundodoturismo.com.br\/home\/wp-content\/uploads\/2026\/04\/Untitled-design-12.jpeg\" class=\"attachment-post-thumbnail size-post-thumbnail wp-post-image\" alt=\"\" \/><\/a>\n\t\t\t\t\n\t\t\t\t<h2 class=\"su-post-title\"><a href=\"https:\/\/nomundodoturismo.com.br\/home\/2026\/04\/cultura\/eventos\/festa-do-bode-rei-2026-tera-shows-de-mano-walter-lucy-alves-e-mastruz-com-leite-veja-a-programacao\/\">Festa do Bode Rei 2026 ter\u00e1 shows de Mano Walter, Lucy Alves e Mastruz com Leite; veja a programa\u00e7\u00e3o<\/a><\/h2>\n\n\t\t\t\t<div class=\"su-post-meta\">\n\t\t\t\t\tPosted: 14 de abril de 2026\t\t\t\t<\/div>\n\n\t\t\t\t<div class=\"su-post-excerpt\">\n\t\t\t\t\t<p>Quando junho se aproxima, o clima muda no Cariri paraibano. Em Cabaceiras, conhecida como a \u201cRoli\u00fade Nordestina\u201d, a expectativa cresce junto com o som do forr\u00f3 e o movimento das ruas. \u00c9 nesse cen\u00e1rio que acontece a tradicional Festa do Bode Rei, que chega \u00e0 sua 27\u00aa edi\u00e7\u00e3o celebrando a cultura nordestina, a caprinocultura e<\/p>\n\t\t\t\t<\/div>\n\n\t\t\t\t\n\t\t\t<\/div>\n\n\t\t\t\t\t\n\t\t\t\n\t\t\t<div id=\"su-post-3359\" class=\"su-post \">\n\n\t\t\t\t\t\t\t\t\t<a class=\"su-post-thumbnail\" href=\"https:\/\/nomundodoturismo.com.br\/home\/2026\/04\/arte\/museus-de-arte-do-brasil-aparecem-entre-os-100-mais-visitados-do-mundo-veja-quais-sao\/\"><img loading=\"lazy\" decoding=\"async\" width=\"700\" height=\"500\" src=\"https:\/\/nomundodoturismo.com.br\/home\/wp-content\/uploads\/2026\/04\/Untitled-design-11.jpeg\" class=\"attachment-post-thumbnail size-post-thumbnail wp-post-image\" alt=\"\" \/><\/a>\n\t\t\t\t\n\t\t\t\t<h2 class=\"su-post-title\"><a href=\"https:\/\/nomundodoturismo.com.br\/home\/2026\/04\/arte\/museus-de-arte-do-brasil-aparecem-entre-os-100-mais-visitados-do-mundo-veja-quais-sao\/\">Museus de arte do Brasil aparecem entre os 100 mais visitados do mundo; veja quais s\u00e3o<\/a><\/h2>\n\n\t\t\t\t<div class=\"su-post-meta\">\n\t\t\t\t\tPosted: 13 de abril de 2026\t\t\t\t<\/div>\n\n\t\t\t\t<div class=\"su-post-excerpt\">\n\t\t\t\t\t<p>Os museus mais visitados do mundo registraram forte recupera\u00e7\u00e3o em 2025, com aumento significativo no n\u00famero de visitantes e a consolida\u00e7\u00e3o de novas institui\u00e7\u00f5es entre os principais polos culturais globais. Segundo levantamento anual do The Art Newspaper, o ranking dos 100 museus mais populares reflete n\u00e3o apenas a retomada do Turismo internacional, mas tamb\u00e9m o<\/p>\n\t\t\t\t<\/div>\n\n\t\t\t\t\n\t\t\t<\/div>\n\n\t\t\t\t\t\n\t\t\t\n\t\t\t<div id=\"su-post-3342\" class=\"su-post \">\n\n\t\t\t\t\t\t\t\t\t<a class=\"su-post-thumbnail\" href=\"https:\/\/nomundodoturismo.com.br\/home\/2026\/04\/cultura\/festival-de-trios-de-forro-de-queimadas-abre-inscricoes-a-nivel-nacional\/\"><img loading=\"lazy\" decoding=\"async\" width=\"700\" height=\"500\" src=\"https:\/\/nomundodoturismo.com.br\/home\/wp-content\/uploads\/2026\/04\/Untitled-design-9.jpeg\" class=\"attachment-post-thumbnail size-post-thumbnail wp-post-image\" alt=\"\" \/><\/a>\n\t\t\t\t\n\t\t\t\t<h2 class=\"su-post-title\"><a href=\"https:\/\/nomundodoturismo.com.br\/home\/2026\/04\/cultura\/festival-de-trios-de-forro-de-queimadas-abre-inscricoes-a-nivel-nacional\/\">Festival de Trios de Forr\u00f3 de Queimadas abre inscri\u00e7\u00f5es a n\u00edvel nacional<\/a><\/h2>\n\n\t\t\t\t<div class=\"su-post-meta\">\n\t\t\t\t\tPosted: 12 de abril de 2026\t\t\t\t<\/div>\n\n\t\t\t\t<div class=\"su-post-excerpt\">\n\t\t\t\t\t<p>Queimadas se prepara para receber mais uma edi\u00e7\u00e3o de um dos eventos mais representativos da cultura nordestina. Est\u00e3o abertas as inscri\u00e7\u00f5es para o 4\u00ba Festival de Trios de Forr\u00f3 de Queimadas, que acontece entre os dias 28 e 30 de maio e deve reunir artistas e apreciadores do forr\u00f3 p\u00e9 de serra de diversas regi\u00f5es<\/p>\n\t\t\t\t<\/div>\n\n\t\t\t\t\n\t\t\t<\/div>\n\n\t\t\t\t\t\n\t\t\t\n\t\t\t<div id=\"su-post-3336\" class=\"su-post \">\n\n\t\t\t\t\t\t\t\t\t<a class=\"su-post-thumbnail\" href=\"https:\/\/nomundodoturismo.com.br\/home\/2026\/04\/cultura\/eventos\/curso-de-tecnologia-de-eventos-reune-especialistas-em-ia-branding-e-gestao\/\"><img loading=\"lazy\" decoding=\"async\" width=\"700\" height=\"500\" src=\"https:\/\/nomundodoturismo.com.br\/home\/wp-content\/uploads\/2026\/04\/Design-sem-nome-68.jpg\" class=\"attachment-post-thumbnail size-post-thumbnail wp-post-image\" alt=\"\" \/><\/a>\n\t\t\t\t\n\t\t\t\t<h2 class=\"su-post-title\"><a href=\"https:\/\/nomundodoturismo.com.br\/home\/2026\/04\/cultura\/eventos\/curso-de-tecnologia-de-eventos-reune-especialistas-em-ia-branding-e-gestao\/\">Curso de Tecnologia de Eventos re\u00fane especialistas em IA, branding e gest\u00e3o<\/a><\/h2>\n\n\t\t\t\t<div class=\"su-post-meta\">\n\t\t\t\t\tPosted: 10 de abril de 2026\t\t\t\t<\/div>\n\n\t\t\t\t<div class=\"su-post-excerpt\">\n\t\t\t\t\t<p>Profissionais e interessados no mercado de eventos ter\u00e3o a oportunidade de se capacitar em uma das \u00e1reas que mais cresce no turismo e na economia criativa. Entre os dias 4 e 8 de maio de 2026, Jo\u00e3o Pessoa recebe o Curso de Tecnologia de Eventos e Estrat\u00e9gia, com uma programa\u00e7\u00e3o intensiva voltada \u00e0 inova\u00e7\u00e3o, gest\u00e3o<\/p>\n\t\t\t\t<\/div>\n\n\t\t\t\t\n\t\t\t<\/div>\n\n\t\t\n\t\n<\/div>\n\n<div id=\"nomun-3150925220\" class=\"nomun-rodape nomun-entity-placement\" style=\"margin-left: auto;margin-right: auto;text-align: center;\"><a href=\"https:\/\/nomundodoturismo.com.br\/home\/\" aria-label=\"Imagem: Lan\u00e7amento do Festival\"><img loading=\"lazy\" decoding=\"async\" src=\"https:\/\/nomundodoturismo.com.br\/home\/wp-content\/uploads\/2025\/05\/banner3.png\" alt=\"\"  srcset=\"https:\/\/nomundodoturismo.com.br\/home\/wp-content\/uploads\/2025\/05\/banner3.png 780w, https:\/\/nomundodoturismo.com.br\/home\/wp-content\/uploads\/2025\/05\/banner3-300x35.png 300w, https:\/\/nomundodoturismo.com.br\/home\/wp-content\/uploads\/2025\/05\/banner3-768x89.png 768w\" sizes=\"(max-width: 780px) 100vw, 780px\" width=\"780\" height=\"90\"  style=\"display: inline-block;\" \/><\/a><\/div>","protected":false},"excerpt":{"rendered":"","protected":false},"author":1,"featured_media":0,"parent":0,"menu_order":0,"comment_status":"closed","ping_status":"closed","template":"","meta":{"_acf_changed":false,"_crdt_document":"","_FSMCFIC_featured_image_caption":"","_FSMCFIC_featured_image_nocaption":"","_FSMCFIC_featured_image_hide":"","footnotes":""},"class_list":["post-648","page","type-page","status-publish","hentry"],"acf":[],"yoast_head":"<!-- This site is optimized with the Yoast SEO plugin v27.3 - https:\/\/yoast.com\/product\/yoast-seo-wordpress\/ -->\n<title>Entretenimento - No mundo do Turismo<\/title>\n<meta name=\"robots\" content=\"index, follow, max-snippet:-1, max-image-preview:large, max-video-preview:-1\" \/>\n<link rel=\"canonical\" href=\"https:\/\/nomundodoturismo.com.br\/home\/entretenimento\/\" \/>\n<meta property=\"og:locale\" content=\"pt_BR\" \/>\n<meta property=\"og:type\" content=\"article\" \/>\n<meta property=\"og:title\" content=\"Entretenimento - No mundo do Turismo\" \/>\n<meta property=\"og:url\" content=\"https:\/\/nomundodoturismo.com.br\/home\/entretenimento\/\" \/>\n<meta property=\"og:site_name\" content=\"No mundo do Turismo\" \/>\n<meta property=\"article:publisher\" content=\"https:\/\/facebook.com\/nomundodoturismo\" \/>\n<meta property=\"article:modified_time\" content=\"2025-06-03T16:23:48+00:00\" \/>\n<meta name=\"twitter:card\" content=\"summary_large_image\" \/>\n<meta name=\"twitter:site\" content=\"@nomundodoturismo\" \/>\n<meta name=\"twitter:label1\" content=\"Est. tempo de leitura\" \/>\n\t<meta name=\"twitter:data1\" content=\"1 minuto\" \/>\n<script type=\"application\/ld+json\" class=\"yoast-schema-graph\">{\"@context\":\"https:\\\/\\\/schema.org\",\"@graph\":[{\"@type\":\"WebPage\",\"@id\":\"https:\\\/\\\/nomundodoturismo.com.br\\\/home\\\/entretenimento\\\/\",\"url\":\"https:\\\/\\\/nomundodoturismo.com.br\\\/home\\\/entretenimento\\\/\",\"name\":\"Entretenimento - No mundo do Turismo\",\"isPartOf\":{\"@id\":\"https:\\\/\\\/nomundodoturismo.com.br\\\/home\\\/#website\"},\"datePublished\":\"2025-06-03T16:22:46+00:00\",\"dateModified\":\"2025-06-03T16:23:48+00:00\",\"breadcrumb\":{\"@id\":\"https:\\\/\\\/nomundodoturismo.com.br\\\/home\\\/entretenimento\\\/#breadcrumb\"},\"inLanguage\":\"pt-BR\",\"potentialAction\":[{\"@type\":\"ReadAction\",\"target\":[\"https:\\\/\\\/nomundodoturismo.com.br\\\/home\\\/entretenimento\\\/\"]}]},{\"@type\":\"BreadcrumbList\",\"@id\":\"https:\\\/\\\/nomundodoturismo.com.br\\\/home\\\/entretenimento\\\/#breadcrumb\",\"itemListElement\":[{\"@type\":\"ListItem\",\"position\":1,\"name\":\"In\u00edcio\",\"item\":\"https:\\\/\\\/nomundodoturismo.com.br\\\/home\\\/\"},{\"@type\":\"ListItem\",\"position\":2,\"name\":\"Entretenimento\"}]},{\"@type\":\"WebSite\",\"@id\":\"https:\\\/\\\/nomundodoturismo.com.br\\\/home\\\/#website\",\"url\":\"https:\\\/\\\/nomundodoturismo.com.br\\\/home\\\/\",\"name\":\"No Mundo do Turismo\",\"description\":\"Um espa\u00e7o para compartilhar experi\u00eancia e informa\u00e7\u00f5es tur\u00edsticas e culturais\",\"publisher\":{\"@id\":\"https:\\\/\\\/nomundodoturismo.com.br\\\/home\\\/#organization\"},\"potentialAction\":[{\"@type\":\"SearchAction\",\"target\":{\"@type\":\"EntryPoint\",\"urlTemplate\":\"https:\\\/\\\/nomundodoturismo.com.br\\\/home\\\/?s={search_term_string}\"},\"query-input\":{\"@type\":\"PropertyValueSpecification\",\"valueRequired\":true,\"valueName\":\"search_term_string\"}}],\"inLanguage\":\"pt-BR\"},{\"@type\":\"Organization\",\"@id\":\"https:\\\/\\\/nomundodoturismo.com.br\\\/home\\\/#organization\",\"name\":\"No Mundo do Turismo\",\"url\":\"https:\\\/\\\/nomundodoturismo.com.br\\\/home\\\/\",\"logo\":{\"@type\":\"ImageObject\",\"inLanguage\":\"pt-BR\",\"@id\":\"https:\\\/\\\/nomundodoturismo.com.br\\\/home\\\/#\\\/schema\\\/logo\\\/image\\\/\",\"url\":\"https:\\\/\\\/nomundodoturismo.com.br\\\/home\\\/wp-content\\\/uploads\\\/2025\\\/02\\\/centralNMTurismo2024.png\",\"contentUrl\":\"https:\\\/\\\/nomundodoturismo.com.br\\\/home\\\/wp-content\\\/uploads\\\/2025\\\/02\\\/centralNMTurismo2024.png\",\"width\":500,\"height\":150,\"caption\":\"No Mundo do Turismo\"},\"image\":{\"@id\":\"https:\\\/\\\/nomundodoturismo.com.br\\\/home\\\/#\\\/schema\\\/logo\\\/image\\\/\"},\"sameAs\":[\"https:\\\/\\\/facebook.com\\\/nomundodoturismo\",\"https:\\\/\\\/x.com\\\/nomundodoturismo\"]}]}<\/script>\n<!-- \/ Yoast SEO plugin. -->","yoast_head_json":{"title":"Entretenimento - No mundo do Turismo","robots":{"index":"index","follow":"follow","max-snippet":"max-snippet:-1","max-image-preview":"max-image-preview:large","max-video-preview":"max-video-preview:-1"},"canonical":"https:\/\/nomundodoturismo.com.br\/home\/entretenimento\/","og_locale":"pt_BR","og_type":"article","og_title":"Entretenimento - No mundo do Turismo","og_url":"https:\/\/nomundodoturismo.com.br\/home\/entretenimento\/","og_site_name":"No mundo do Turismo","article_publisher":"https:\/\/facebook.com\/nomundodoturismo","article_modified_time":"2025-06-03T16:23:48+00:00","twitter_card":"summary_large_image","twitter_site":"@nomundodoturismo","twitter_misc":{"Est. tempo de leitura":"1 minuto"},"schema":{"@context":"https:\/\/schema.org","@graph":[{"@type":"WebPage","@id":"https:\/\/nomundodoturismo.com.br\/home\/entretenimento\/","url":"https:\/\/nomundodoturismo.com.br\/home\/entretenimento\/","name":"Entretenimento - No mundo do Turismo","isPartOf":{"@id":"https:\/\/nomundodoturismo.com.br\/home\/#website"},"datePublished":"2025-06-03T16:22:46+00:00","dateModified":"2025-06-03T16:23:48+00:00","breadcrumb":{"@id":"https:\/\/nomundodoturismo.com.br\/home\/entretenimento\/#breadcrumb"},"inLanguage":"pt-BR","potentialAction":[{"@type":"ReadAction","target":["https:\/\/nomundodoturismo.com.br\/home\/entretenimento\/"]}]},{"@type":"BreadcrumbList","@id":"https:\/\/nomundodoturismo.com.br\/home\/entretenimento\/#breadcrumb","itemListElement":[{"@type":"ListItem","position":1,"name":"In\u00edcio","item":"https:\/\/nomundodoturismo.com.br\/home\/"},{"@type":"ListItem","position":2,"name":"Entretenimento"}]},{"@type":"WebSite","@id":"https:\/\/nomundodoturismo.com.br\/home\/#website","url":"https:\/\/nomundodoturismo.com.br\/home\/","name":"No Mundo do Turismo","description":"Um espa\u00e7o para compartilhar experi\u00eancia e informa\u00e7\u00f5es tur\u00edsticas e culturais","publisher":{"@id":"https:\/\/nomundodoturismo.com.br\/home\/#organization"},"potentialAction":[{"@type":"SearchAction","target":{"@type":"EntryPoint","urlTemplate":"https:\/\/nomundodoturismo.com.br\/home\/?s={search_term_string}"},"query-input":{"@type":"PropertyValueSpecification","valueRequired":true,"valueName":"search_term_string"}}],"inLanguage":"pt-BR"},{"@type":"Organization","@id":"https:\/\/nomundodoturismo.com.br\/home\/#organization","name":"No Mundo do Turismo","url":"https:\/\/nomundodoturismo.com.br\/home\/","logo":{"@type":"ImageObject","inLanguage":"pt-BR","@id":"https:\/\/nomundodoturismo.com.br\/home\/#\/schema\/logo\/image\/","url":"https:\/\/nomundodoturismo.com.br\/home\/wp-content\/uploads\/2025\/02\/centralNMTurismo2024.png","contentUrl":"https:\/\/nomundodoturismo.com.br\/home\/wp-content\/uploads\/2025\/02\/centralNMTurismo2024.png","width":500,"height":150,"caption":"No Mundo do Turismo"},"image":{"@id":"https:\/\/nomundodoturismo.com.br\/home\/#\/schema\/logo\/image\/"},"sameAs":["https:\/\/facebook.com\/nomundodoturismo","https:\/\/x.com\/nomundodoturismo"]}]}},"jetpack_sharing_enabled":true,"_links":{"self":[{"href":"https:\/\/nomundodoturismo.com.br\/home\/wp-json\/wp\/v2\/pages\/648","targetHints":{"allow":["GET"]}}],"collection":[{"href":"https:\/\/nomundodoturismo.com.br\/home\/wp-json\/wp\/v2\/pages"}],"about":[{"href":"https:\/\/nomundodoturismo.com.br\/home\/wp-json\/wp\/v2\/types\/page"}],"author":[{"embeddable":true,"href":"https:\/\/nomundodoturismo.com.br\/home\/wp-json\/wp\/v2\/users\/1"}],"replies":[{"embeddable":true,"href":"https:\/\/nomundodoturismo.com.br\/home\/wp-json\/wp\/v2\/comments?post=648"}],"version-history":[{"count":2,"href":"https:\/\/nomundodoturismo.com.br\/home\/wp-json\/wp\/v2\/pages\/648\/revisions"}],"predecessor-version":[{"id":650,"href":"https:\/\/nomundodoturismo.com.br\/home\/wp-json\/wp\/v2\/pages\/648\/revisions\/650"}],"wp:attachment":[{"href":"https:\/\/nomundodoturismo.com.br\/home\/wp-json\/wp\/v2\/media?parent=648"}],"curies":[{"name":"wp","href":"https:\/\/api.w.org\/{rel}","templated":true}]}}